ue
Suppose -27*h - 23*h + 2313050 = 0. Is h prime?
True
Let a(y) be the first derivative of -117*y**2/2 - 47*y + 37. Is a(-12) a composite number?
True
Let r(p) = 22*p**3 - 2*p**2 + 51*p + 33. Let d be r(6). Suppose -l = 5*s - 13, -3*s - 4*l = -25 + 7. Suppose v - d = -s*v. Is v a composite number?
True
Let q = 62591 + 176300. Is q composite?
True
Suppose -13*c + 755881 + 2586952 = 0. Is c prime?
True
Is -1*6054/(-36)*138 a composite number?
True
Let z(a) = -15366*a + 5. Let i(h) = -2*h. Let f(q) = 5*i(q) + z(q). Is f(-2) composite?
False
Let b = -30 - -790. Suppose b = -3*l + 5*l. Let n = l + -113. Is n a prime number?
False
Suppose 23 = 4*w - 77. Suppose 12 = -v - 5*h, -6*v + 4*h - 24 = -4*v. Let o = w - v. Is o composite?
False
Suppose 4 = 26*j - 30*j. Let v be (-1 - (j + 1)) + 2336/(-32). Let i = v + 87. Is i prime?
True
Let p(k) = k**3 - 4*k**2 - k + 4. Let v be p(4). Suppose v = 3*c - a - 1555, 3*a + 1592 + 488 = 4*c. Is c prime?
False
Suppose -57*o + 42*o + 122284 + 273521 = 0. Is o prime?
True
Let i = 119 - 114. Suppose 2442 = -i*j + 7*j. Suppose 1527 = p - 2*h + 312, j = p + h. Is p composite?
True
Suppose -4022 = 46*o + 1573 + 2961. Suppose 5*s - 356 = 329. Let p = s - o. Is p prime?
False
Suppose -3*z - 2842418 = -30*z - 696809. Is z prime?
False
Let c(u) = 365*u - 2244. Is c(59) a prime number?
False
Suppose -2*m - 150 = -5*g, m = -m + 3*g - 150. Is 27178/5 + 45/m prime?
False
Let l be (0/2)/1 + 169/(-13). Let x(y) = -8*y**3 + 16*y**2 - 19*y - 58. Is x(l) composite?
True
Let z = 122 - 26. Let c = 99 - z. Suppose -a + c*a - 422 = 2*r, 641 = 3*a + r. Is a a composite number?
True
Let d(j) = 4*j**2 + 2*j + 2. Let a be d(-1). Suppose a*x - 7831 = -2*l + 9155, 0 = -3*l + x + 25493. Is l composite?
True
Suppose -2*v + 3*v = 2*v. Suppose -g - 4*a = 4 + 2, -4*g - 2*a + 4 = v. Suppose 0 = g*r - 5*r + 339. Is r prime?
True
Let s = 702 + -1987. Let h = s + 2490. Is h a composite number?
True
Suppose 7*r - 15921601 = -4*r - 8*r. Is r a composite number?
False
Let a(y) be the second derivative of 3*y**5/20 + 2*y**4/3 + y**3/2 - 45*y**2/2 - 149*y. Is a(7) a prime number?
False
Let y(v) = -v**3 - 20 + 3*v**2 - 29 + 8*v + 40. Is y(-11) a prime number?
True
Let z(f) = 8456*f**2 - 48*f - 47. Is z(-1) a prime number?
False
Suppose u = -2*k + 12, -4*u - k = -0*u - 13. Let p(z) = -9*z**u + 13 + 7*z**2 + z + 18. Is p(0) a prime number?
True
Let t = 16805 + 67250. Is t a composite number?
True
Let c be 8*(1 - 1/2). Suppose -5*v + c*y + 551 = 90, -y = -5*v + 449. Is v a composite number?
False
Let g(i) = -2*i**3 + 52*i**2 - 43*i - 16. Let a(b) = b**3 - 26*b**2 + 21*b + 9. Let q(x) = 5*a(x) + 3*g(x). Is q(10) prime?
False
Let u(c) = -c + 12. Let q be u(16). Is 46*177/6 - q a composite number?
False
Let v(f) = 48578*f**2 - 56*f + 203. Is v(4) composite?
True
Let q = 43612 - 1600. Suppose -7*z + 73817 = -q. Is z prime?
True
Suppose 2545 = 3*q + 5*f - 1431, -5*f - 1332 = -q. Let m = q + -846. Is m prime?
False
Let d(j) = 7*j**2 + 4*j. Let v be d(-2). Let p be 4/v + (-19)/(-5). Suppose 3*i = -p*g + 9595, -i - 5761 = -2*g - 976. Is g composite?
True
Suppose 0 = 2748*d - 2745*d - 1645467. Is d composite?
False
Let c be ((-6)/(-1))/(6 - 80/15). Is ((-2099)/(-3))/(-5 + 48/c) composite?
False
Let u(m) = -18182*m + 463. Is u(-20) a composite number?
False
Let l(b) = 21480*b**2 - 174*b + 979. Is l(6) a prime number?
False
Suppose 0 = 15*m - 8*m + 28. Is (-1986)/((1*16/m)/2) prime?
False
Suppose 3*o = -21, -9*o = -3*i - 4*o + 128972. Is i composite?
False
Suppose -16*u + 11*u - u = -177006. Is u composite?
False
Is 54588501/187 - -6 - 4/34 prime?
True
Suppose -10*w + 6*w - 4*v + 1276084 = 0, 4*w = -v + 1276102. Is w composite?
False
Let q = 244792 - 157248. Is (q/(-12))/(4/(-6)) a prime number?
False
Suppose 5*c + 3*s - 185085 = 496042, 2*s = -12. Is c a prime number?
False
Let h = -7808 - -13409. Let z = -1662 + h. Suppose 5*g + 94 = z. Is g composite?
False
Suppose -48998068 - 29926177 = -39*p - 16975826. Is p a prime number?
False
Let v(y) = 67*y**2 - 3*y + 81. Let j be v(16). Is j + (-7 - -9)*-1 a prime number?
True
Let x = 4395 + 5228. Is x composite?
False
Is ((-5)/(-10))/((-2)/4)*(-394474 + -313) a composite number?
False
Let h = -81191 - -181534. Is h a prime number?
True
Let x = 9 + -115. Suppose -2*o + 373 = l, 5*o - 2057 = -4*l - 571. Let w = l + x. Is w composite?
False
Let a = -142 + 145. Suppose 0 = 4*q, y + a*q - 480 - 85 = 0. Is y a composite number?
True
Let z be ((0/(-2))/(-2))/(-4). Suppose -3*k + 8457 = -0*k - 4*f, -4*k + 3*f + 11276 = z. Is k a composite number?
False
Suppose 0 = -5*x + u + 278402, 2*x - 7*u - 111344 = -9*u. Is x a composite number?
True
Suppose -12*n = -40 + 604. Let p = -42 - n. Suppose p*r - 375 = -0*x - 2*x, 2*r + 738 = 4*x. Is x composite?
True
Suppose 0 = -5*k + k - 2*z - 10, 4*k - 2*z = 10. Suppose 3*g - 5*j = 5, -27 = 3*g - k*j + 3*j. Is (-498)/4*((-50)/(-15))/g a prime number?
True
Let l(t) = -5451*t - 826. Is l(-149) a composite number?
True
Let k = 313018 + -218211. Is k prime?
False
Let p = -35663 - -854172. Is p a prime number?
True
Let a = 22735 - 10538. Is a prime?
True
Suppose 0 = -n - 2*g + 4*g + 219, -435 = -2*n + 3*g. Suppose -2*x = -93 - n. Let z = -134 + x. Is z a composite number?
False
Suppose -4*y - 3*m + 188 = 0, -m = 2*m. Let l = 50 - y. Suppose 4*z = -b + 251, -l*b + 168 + 585 = -4*z. Is b composite?
False
Let z(s) be the first derivative of 513*s**2/2 + 202*s + 208. Is z(7) prime?
True
Let d(m) = 4*m**2 + m**3 - 5*m**3 - 23*m + 5*m**3 + 13. Let o = 2166 - 2160. Is d(o) a composite number?
True
Suppose 0 = -6*q + 4*q - 3*v - 2, 0 = 4*v + 16. Suppose 3*s = 3*k, 0*s - q*s + k - 16 = 0. Is (-1)/(1527/382 + s) a prime number?
False
Suppose -3*y + 15941 = -b, 8123 = 3*y + 3*b - 7798. Let t = y - -1749. Is t a prime number?
False
Let v = -414 + 605. Suppose -h + 3048 = v. Is h prime?
True
Suppose -h - 1087 + 8 = 0. Let v = 3372 + h. Is v composite?
False
Suppose d - 460 = -19*d. Suppose 0 = 24*v - d*v - 3547. Is v a composite number?
False
Let v = 32288 - -43959. Is v prime?
False
Let x be 42/(-4)*-8*27996/28. Is x/48*(-12)/(-9) a prime number?
True
Let i = 4 + 7. Let w be 6 - 128/22 - (-8886)/i. Let b = 3747 - w. Is b prime?
True
Let m be (7/2 - 5)*4. Let o(i) = 174*i**2 - 6*i - 53. Is o(m) a prime number?
True
Suppose 4*x = -20, -x + 14338 + 1285 = 4*p. Is p composite?
False
Suppose 2*d - 8*d + 2724 = 0. Let s = 1087 - d. Is s a composite number?
True
Let k = 3662 - 2000. Suppose -4*i - k = -4*d - 25478, 0 = -2*i + 4*d + 11910. Is i a composite number?
False
Suppose 77*c + 95*c = 14255876. Is c a prime number?
True
Let r(l) = -58*l**3 + 9*l + 13. Let o be r(-2). Suppose 4150 = 4*u - g - o, 0 = -u + g + 1156. Is u a prime number?
True
Suppose y - 79 = -5*o, 0 = -4*o - 0*o - y + 64. Suppose o*r - 16 = 11*r. Suppose 1158 = r*b + 5*x, x = 5*b - x - 1431. Is b a prime number?
False
Let x = 109492 + 227769. Is x prime?
True
Is (4358/8*-1)/(((-85)/1940)/17) a prime number?
False
Let p(v) = 187*v + 164. Suppose -w = 2*o - 26, 0 = -4*o + 5*w + 11 + 13. Is p(o) composite?
False
Suppose 4*m + 25 + 7 = 0. Suppose 0 = 50*t - 56*t + 14610. Is m/20 - t/(-25) a composite number?
False
Suppose 2*x = -5*q + 58, -2*q + 53 = 2*q - 5*x. Let o(u) = 65*u - 229. Is o(q) a prime number?
False
Let p = 74957 + -47814. Is p a prime number?
True
Let w(f) = 1881*f**2 - 138*f - 722. Is w(-5) a prime number?
True
Let w be (-2)/(-4) + 106169/58. Suppose -5*d + 369 = 3*u + 4128, -5*d = -3*u - 3789. Let j = u + w. Is j a composite number?
True
Let x = 868 + -863. Suppose -p + 267 = x*v, -21*p + 17*p = 4*v - 220. Is v prime?
True
Let h(d) = 2*d - 13. Let b be h(8). Suppose -5 = -s, 3*c - s = -b*s + 25. Is c - 2334*(-2)/3 composite?
True
Let a be ((-220776)/5)/(50/(-125)). Suppose 0 = -6*p - 6*p + a. Is p a prime number?
True
Suppose 2*k + 11*c = 6*c + 25, 2*k - 5*c = -25. Is (-2 + k)*5*117837/(-90) a prime number?
True
Let o be (-11)/(22/(-4)) + -3. Is 5 - 6 - -24623 - 1*o prime?
True
Let h = 117830 - 32361. Is h prime?
True
Suppose 29*h - 6 = 26*h. Suppose h*g - c - 4907 = -0*c, -4*g = 5*c - 9849. Suppose g + 3829 = 5*l. Is l composite?
True
Suppose 3*w + 0*w - 392417 = 2*j, 0 = -3*w - 3*j + 392427. Is w prime?
True
Let j(r) = -11*r**2 +